{"id":177,"date":"2026-01-14T15:11:49","date_gmt":"2026-01-14T13:11:49","guid":{"rendered":"https:\/\/scentandsoul.fi\/?page_id=177"},"modified":"2026-03-19T17:17:58","modified_gmt":"2026-03-19T15:17:58","slug":"workshops","status":"publish","type":"page","link":"https:\/\/scentandsoul.fi\/?page_id=177","title":{"rendered":"Workshops"},"content":{"rendered":"\n<div class=\"wp-block-group alignfull is-style-section-5 has-global-padding is-layout-constrained wp-block-group-is-layout-constrained is-style-section-5--1\" style=\"margin-top:0;margin-bottom:0;padding-top:var(--wp--preset--spacing--60);padding-bottom:var(--wp--preset--spacing--60)\">\n<div class=\"wp-block-columns alignwide is-layout-flex wp-container-core-columns-is-layout-643ced6b wp-block-columns-is-layout-flex\">\n<div class=\"wp-block-column is-layout-flow wp-block-column-is-layout-flow\" style=\"flex-basis:40%\">\n<figure class=\"wp-block-image size-full is-style-rounded\"><img loading=\"lazy\" decoding=\"async\" width=\"1772\" height=\"1772\" src=\"https:\/\/scentandsoul.fi\/wp-content\/uploads\/2025\/11\/scent-and-soul_insta-09.jpg\" alt=\"\" class=\"wp-image-377\" style=\"aspect-ratio:1;object-fit:cover\" srcset=\"https:\/\/scentandsoul.fi\/wp-content\/uploads\/2025\/11\/scent-and-soul_insta-09.jpg 1772w, https:\/\/scentandsoul.fi\/wp-content\/uploads\/2025\/11\/scent-and-soul_insta-09-300x300.jpg 300w, https:\/\/scentandsoul.fi\/wp-content\/uploads\/2025\/11\/scent-and-soul_insta-09-1024x1024.jpg 1024w, https:\/\/scentandsoul.fi\/wp-content\/uploads\/2025\/11\/scent-and-soul_insta-09-150x150.jpg 150w, https:\/\/scentandsoul.fi\/wp-content\/uploads\/2025\/11\/scent-and-soul_insta-09-768x768.jpg 768w, https:\/\/scentandsoul.fi\/wp-content\/uploads\/2025\/11\/scent-and-soul_insta-09-1536x1536.jpg 1536w\" sizes=\"auto, (max-width: 1772px) 100vw, 1772px\" \/><\/figure>\n<\/div>\n\n\n\n<div class=\"wp-block-column is-vertically-aligned-center is-layout-flow wp-container-core-column-is-layout-119bc444 wp-block-column-is-layout-flow\" style=\"flex-basis:60%\">\n<h2 class=\"wp-block-heading has-x-large-font-size\">Syvenn\u00e4 osaamistasi tuoksuty\u00f6pajoissa<\/h2>\n\n\n\n<p class=\"has-large-font-size\">Nature by Amppu j\u00e4rjest\u00e4\u00e4 tapahtumassa suositun tuoksu\u00f6ljyty\u00f6pajan, jossa p\u00e4\u00e4set valmistamaan itsellesi oman tuoksu\u00f6ljyn. Heikki Savolan tuoksumeditaatio yhdist\u00e4\u00e4 tuoksut ja tietoisen l\u00e4sn\u00e4olon.<\/p>\n\n\n\n<p>Ohjelmassa on my\u00f6s parfyrm\u00f6\u00f6ri Pia Longin masterclass, joka tarjoaa harvinaisen mahdollisuuden kurkistaa tuoksujen rakentumiseen ja luomisen prosesseihin.<\/p>\n\n\n\n<hr class=\"wp-block-separator has-alpha-channel-opacity\"\/>\n\n\n\n<h2 class=\"wp-block-heading has-x-large-font-size\">Deepen your knowledge in the scent workshops<\/h2>\n\n\n\n<p class=\"has-large-font-size\">Nature by Amppu will host a popular Perfume oil workshop, where you can create your own personalised scented oil. Heikki Savola\u2019s scent meditation combines fragrance and mindful presence.<\/p>\n\n\n\n<p class=\"has-large-font-size\">The programme also includes a masterclass by perfumer Pia Long, offering a rare opportunity to peek into the construction of scents and the creative processes behind them.<\/p>\n<\/div>\n<\/div>\n<\/div>\n\n\n\n<div class=\"wp-block-group alignfull has-global-padding is-layout-constrained wp-block-group-is-layout-constrained\" style=\"margin-top:0;margin-bottom:0;padding-top:var(--wp--preset--spacing--50);padding-bottom:var(--wp--preset--spacing--50)\">\n<div class=\"wp-block-columns alignwide is-style-section-5 is-layout-flex wp-container-core-columns-is-layout-fa584acd wp-block-columns-is-layout-flex is-style-section-5--2\">\n<div class=\"wp-block-column is-vertically-aligned-center is-layout-flow wp-block-column-is-layout-flow\">\n<h2 class=\"wp-block-heading has-text-align-center has-xx-large-font-size\" style=\"margin-top:var(--wp--preset--spacing--20);margin-bottom:var(--wp--preset--spacing--20)\">Masterclass with Pia Long<\/h2>\n\n\n\n<p class=\"has-text-align-center is-style-default has-medium-font-size\" style=\"margin-right:var(--wp--preset--spacing--40);margin-left:var(--wp--preset--spacing--40)\">A rare opportunity to attend a perfume workshop led by perfumer Pia Long, visiting from the UK. In this exclusive session, Pia opens up her creative process, shares the story behind <em>Demo Accords<\/em>, and presents fragrance formulas as they appear in her book \u2014 fully published, discussed and smelled together.<\/p>\n\n\n\n<p class=\"has-text-align-center is-style-default has-medium-font-size\" style=\"margin-right:var(--wp--preset--spacing--40);margin-left:var(--wp--preset--spacing--40)\">Blending Finnish sauna references, contemporary perfumery, and critical thought, the workshop offers a behind-the-scenes look into a world seldom made this accessible. The masterclass concludes with an open Q&amp;A, making this a truly unique chance to learn directly from Pia in an intimate setting.<\/p>\n\n\n\n<p class=\"has-text-align-center is-style-default has-medium-font-size\" style=\"margin-right:var(--wp--preset--spacing--40);margin-left:var(--wp--preset--spacing--40)\">The Masterclass is in English.<br>Time: 3:00\u20134:30 PM<\/p>\n\n\n\n<p class=\"has-text-align-center is-style-default has-accent-4-color has-text-color has-link-color has-large-font-size wp-elements-20ef9da23f702e0d5cfeb1a8d1a41b92\" style=\"margin-right:var(--wp--preset--spacing--40);margin-left:var(--wp--preset--spacing--40)\"><strong>SOLD OUT!<\/strong><\/p>\n\n\n\n<p class=\"has-text-align-center is-style-default has-medium-font-size\" style=\"margin-right:var(--wp--preset--spacing--40);margin-left:var(--wp--preset--spacing--40)\"><\/p>\n<\/div>\n\n\n\n<div class=\"wp-block-column is-vertically-aligned-center is-layout-flow wp-block-column-is-layout-flow\">\n<figure class=\"wp-block-image size-full\"><img loading=\"lazy\" decoding=\"async\" width=\"1180\" height=\"1572\" src=\"https:\/\/scentandsoul.fi\/wp-content\/uploads\/2025\/12\/Pia-Long_kuva-2.jpeg\" alt=\"\" class=\"wp-image-476\" style=\"aspect-ratio:1;object-fit:cover\" srcset=\"https:\/\/scentandsoul.fi\/wp-content\/uploads\/2025\/12\/Pia-Long_kuva-2.jpeg 1180w, https:\/\/scentandsoul.fi\/wp-content\/uploads\/2025\/12\/Pia-Long_kuva-2-225x300.jpeg 225w, https:\/\/scentandsoul.fi\/wp-content\/uploads\/2025\/12\/Pia-Long_kuva-2-769x1024.jpeg 769w, https:\/\/scentandsoul.fi\/wp-content\/uploads\/2025\/12\/Pia-Long_kuva-2-768x1023.jpeg 768w, https:\/\/scentandsoul.fi\/wp-content\/uploads\/2025\/12\/Pia-Long_kuva-2-1153x1536.jpeg 1153w\" sizes=\"auto, (max-width: 1180px) 100vw, 1180px\" \/><\/figure>\n<\/div>\n<\/div>\n<\/div>\n\n\n\n<div class=\"wp-block-group alignfull has-global-padding is-layout-constrained wp-block-group-is-layout-constrained\" style=\"margin-top:0;margin-bottom:0;padding-top:var(--wp--preset--spacing--50);padding-bottom:var(--wp--preset--spacing--50)\">\n<div class=\"wp-block-columns alignwide is-style-section-5 is-layout-flex wp-container-core-columns-is-layout-fa584acd wp-block-columns-is-layout-flex is-style-section-5--3\">\n<div class=\"wp-block-column is-vertically-aligned-center is-layout-flow wp-block-column-is-layout-flow\">\n<h2 class=\"wp-block-heading has-text-align-center has-xx-large-font-size\" style=\"margin-top:var(--wp--preset--spacing--20);margin-bottom:var(--wp--preset--spacing--20)\">Parfyymi\u00f6ljyty\u00f6paja \/<br>Perfume Oil Workshop<\/h2>\n\n\n\n<p class=\"has-text-align-center is-style-default has-medium-font-size\" style=\"margin-right:var(--wp--preset--spacing--40);margin-left:var(--wp--preset--spacing--40)\"><a href=\"https:\/\/amppu.fi\/\">Nature by Amppu<\/a> (Ann-Marie Hagman) j\u00e4rjest\u00e4\u00e4 luonnollisten tuoksujen roll on -pajoja, joissa valmistat oman henkil\u00f6kohtaisen tuoksun eteerisi\u00e4 \u00f6ljyj\u00e4 ja pohja\u00f6ljyj\u00e4 k\u00e4ytt\u00e4en. Pajassa tutustut eteeristen tuoksujen maailmaan, opit sekoittamaan omia parfyymeja ja luomaan joko aromaterapeuttisia tai juuri sinulle sopivia tuoksuja. Paja on rento ja sopii kaikille \u2013 aiempaa kokemusta ei tarvita!<\/p>\n\n\n\n<p class=\"has-text-align-center is-style-default has-medium-font-size\" style=\"margin-right:var(--wp--preset--spacing--40);margin-left:var(--wp--preset--spacing--40)\">Hinta: 20 \u20ac \/ osallistuja<br>Aika: 12.00 &amp; 16.00 (kesto n. 30 min.)<\/p>\n\n\n\n<p class=\"has-text-align-center is-style-default has-medium-font-size\" style=\"margin-right:var(--wp--preset--spacing--40);margin-left:var(--wp--preset--spacing--40)\">FI \/ EN \/ SWE<\/p>\n<\/div>\n\n\n\n<div class=\"wp-block-column is-vertically-aligned-center is-layout-flow wp-block-column-is-layout-flow\">\n<figure class=\"wp-block-image size-full\"><img decoding=\"async\" src=\"https:\/\/scentandsoul.fi\/wp-content\/uploads\/2026\/02\/Nature-by-Amppu-kosmetiikkakurssi.jpg\" alt=\"\" class=\"wp-image-650\" style=\"aspect-ratio:1;object-fit:cover\"\/><\/figure>\n<\/div>\n<\/div>\n<\/div>\n\n\n\n<div class=\"wp-block-group alignfull has-global-padding is-layout-constrained wp-block-group-is-layout-constrained\" style=\"margin-top:0;margin-bottom:0;padding-top:var(--wp--preset--spacing--50);padding-bottom:var(--wp--preset--spacing--50)\">\n<div class=\"wp-block-columns alignwide is-style-section-5 is-layout-flex wp-container-core-columns-is-layout-fa584acd wp-block-columns-is-layout-flex is-style-section-5--4\">\n<div class=\"wp-block-column is-vertically-aligned-center is-layout-flow wp-block-column-is-layout-flow\">\n<h2 class=\"wp-block-heading has-text-align-center has-xx-large-font-size\" style=\"margin-top:var(--wp--preset--spacing--20);margin-bottom:var(--wp--preset--spacing--20)\">Tuoksumeditaatio<\/h2>\n\n\n\n<p class=\"has-text-align-center is-style-default has-medium-font-size\" style=\"margin-right:var(--wp--preset--spacing--40);margin-left:var(--wp--preset--spacing--40)\">Tuoksumeditaatio on rentouttava&nbsp;hiljentymisen hetki&nbsp;tuoksujen parissa.&nbsp;Meditaatiossa syvennyt\u00e4\u00e4n kahteen eri tuoksuun, keskityt\u00e4\u00e4n niihin ja niiden her\u00e4tt\u00e4miin mielikuviin.&nbsp;Inspiraatiota&nbsp;ja luovuutta her\u00e4ttelev\u00e4 hetki kest\u00e4\u00e4 20 minuuttia.<\/p>\n\n\n\n<p class=\"has-text-align-center is-style-default has-medium-font-size\" style=\"margin-right:var(--wp--preset--spacing--40);margin-left:var(--wp--preset--spacing--40)\">Osallistumismaksu 5 euroa.<\/p>\n\n\n\n<p class=\"has-text-align-center is-style-default has-medium-font-size\" style=\"margin-right:var(--wp--preset--spacing--40);margin-left:var(--wp--preset--spacing--40)\">Tuoksumeditaatio alkaa tasatunnein klo 11 alkaen. Meditaation ohjaa meditaatio-ohjaaja, lyhytterapeutti <a href=\"https:\/\/www.instagram.com\/heikkisavola\/\">Heikki Savola<\/a>.<\/p>\n<\/div>\n\n\n\n<div class=\"wp-block-column is-vertically-aligned-center is-layout-flow wp-block-column-is-layout-flow\">\n<figure class=\"wp-block-image size-full\"><img loading=\"lazy\" decoding=\"async\" width=\"472\" height=\"472\" src=\"https:\/\/scentandsoul.fi\/wp-content\/uploads\/2026\/01\/KUVA_tuoksumeditaatio.jpg\" alt=\"\" class=\"wp-image-548\" style=\"aspect-ratio:1;object-fit:cover\" srcset=\"https:\/\/scentandsoul.fi\/wp-content\/uploads\/2026\/01\/KUVA_tuoksumeditaatio.jpg 472w, https:\/\/scentandsoul.fi\/wp-content\/uploads\/2026\/01\/KUVA_tuoksumeditaatio-300x300.jpg 300w, https:\/\/scentandsoul.fi\/wp-content\/uploads\/2026\/01\/KUVA_tuoksumeditaatio-150x150.jpg 150w\" sizes=\"auto, (max-width: 472px) 100vw, 472px\" \/><\/figure>\n<\/div>\n<\/div>\n<\/div>\n\n\n\n<p class=\"has-small-font-size\"><strong>Ohjelmamuutokset ovat mahdollisia. &nbsp;\/ Changes to the program are possible.<\/strong><\/p>\n\n\n\n<p><\/p>\n","protected":false},"excerpt":{"rendered":"<p>Syvenn\u00e4 osaamistasi tuoksuty\u00f6pajoissa Nature by Amppu j\u00e4rjest\u00e4\u00e4 tapahtumassa suositun tuoksu\u00f6ljyty\u00f6pajan, jossa p\u00e4\u00e4set valmistamaan itsellesi oman tuoksu\u00f6ljyn. Heikki Savolan tuoksumeditaatio yhdist\u00e4\u00e4 tuoksut ja tietoisen l\u00e4sn\u00e4olon. Ohjelmassa on my\u00f6s parfyrm\u00f6\u00f6ri Pia Longin masterclass, joka tarjoaa harvinaisen mahdollisuuden kurkistaa tuoksujen rakentumiseen ja luomisen prosesseihin. Deepen your knowledge in the scent workshops Nature by Amppu will host a popular [&hellip;]<\/p>\n","protected":false},"author":2,"featured_media":0,"parent":0,"menu_order":0,"comment_status":"closed","ping_status":"closed","template":"","meta":{"iawp_total_views":348,"footnotes":""},"class_list":["post-177","page","type-page","status-publish","hentry"],"yoast_head":"<!-- This site is optimized with the Yoast SEO plugin v27.4 - https:\/\/yoast.com\/product\/yoast-seo-wordpress\/ -->\n<title>Workshops - Scent&amp;Soul 2026 \/ Lauantai - Saturday 21.3.2026<\/title>\n<meta name=\"description\" content=\"Osallistu parfyrm\u00f6\u00f6ri Pia Longin masterclassille, MALANKA Tuoksubaariin tai tuoksumeditaatioon, Scent &amp; Soul workshopeissa.\" \/>\n<meta name=\"robots\" content=\"index, follow, max-snippet:-1, max-image-preview:large, max-video-preview:-1\" \/>\n<link rel=\"canonical\" href=\"https:\/\/scentandsoul.fi\/?page_id=177\" \/>\n<meta property=\"og:locale\" content=\"fi_FI\" \/>\n<meta property=\"og:type\" content=\"article\" \/>\n<meta property=\"og:title\" content=\"Workshops - Scent&amp;Soul 2026 \/ Lauantai - Saturday 21.3.2026\" \/>\n<meta property=\"og:description\" content=\"Osallistu parfyrm\u00f6\u00f6ri Pia Longin masterclassille, MALANKA Tuoksubaariin tai tuoksumeditaatioon, Scent &amp; Soul workshopeissa.\" \/>\n<meta property=\"og:url\" content=\"https:\/\/scentandsoul.fi\/?page_id=177\" \/>\n<meta property=\"og:site_name\" content=\"Scent&amp;Soul 2026 \/ Lauantai - Saturday 21.3.2026\" \/>\n<meta property=\"article:modified_time\" content=\"2026-03-19T15:17:58+00:00\" \/>\n<meta property=\"og:image\" content=\"https:\/\/scentandsoul.fi\/wp-content\/uploads\/2025\/11\/scent-and-soul_insta-09.jpg\" \/>\n\t<meta property=\"og:image:width\" content=\"1772\" \/>\n\t<meta property=\"og:image:height\" content=\"1772\" \/>\n\t<meta property=\"og:image:type\" content=\"image\/jpeg\" \/>\n<meta name=\"twitter:card\" content=\"summary_large_image\" \/>\n<meta name=\"twitter:label1\" content=\"Arvioitu lukuaika\" \/>\n\t<meta name=\"twitter:data1\" content=\"3 minuuttia\" \/>\n<script type=\"application\/ld+json\" class=\"yoast-schema-graph\">{\"@context\":\"https:\\\/\\\/schema.org\",\"@graph\":[{\"@type\":\"WebPage\",\"@id\":\"https:\\\/\\\/scentandsoul.fi\\\/?page_id=177\",\"url\":\"https:\\\/\\\/scentandsoul.fi\\\/?page_id=177\",\"name\":\"Workshops - Scent&amp;Soul 2026 \\\/ Lauantai - Saturday 21.3.2026\",\"isPartOf\":{\"@id\":\"https:\\\/\\\/scentandsoul.fi\\\/#website\"},\"primaryImageOfPage\":{\"@id\":\"https:\\\/\\\/scentandsoul.fi\\\/?page_id=177#primaryimage\"},\"image\":{\"@id\":\"https:\\\/\\\/scentandsoul.fi\\\/?page_id=177#primaryimage\"},\"thumbnailUrl\":\"https:\\\/\\\/scentandsoul.fi\\\/wp-content\\\/uploads\\\/2025\\\/11\\\/scent-and-soul_insta-09.jpg\",\"datePublished\":\"2026-01-14T13:11:49+00:00\",\"dateModified\":\"2026-03-19T15:17:58+00:00\",\"description\":\"Osallistu parfyrm\u00f6\u00f6ri Pia Longin masterclassille, MALANKA Tuoksubaariin tai tuoksumeditaatioon, Scent & Soul workshopeissa.\",\"breadcrumb\":{\"@id\":\"https:\\\/\\\/scentandsoul.fi\\\/?page_id=177#breadcrumb\"},\"inLanguage\":\"fi\",\"potentialAction\":[{\"@type\":\"ReadAction\",\"target\":[\"https:\\\/\\\/scentandsoul.fi\\\/?page_id=177\"]}]},{\"@type\":\"ImageObject\",\"inLanguage\":\"fi\",\"@id\":\"https:\\\/\\\/scentandsoul.fi\\\/?page_id=177#primaryimage\",\"url\":\"https:\\\/\\\/scentandsoul.fi\\\/wp-content\\\/uploads\\\/2025\\\/11\\\/scent-and-soul_insta-09.jpg\",\"contentUrl\":\"https:\\\/\\\/scentandsoul.fi\\\/wp-content\\\/uploads\\\/2025\\\/11\\\/scent-and-soul_insta-09.jpg\",\"width\":1772,\"height\":1772},{\"@type\":\"BreadcrumbList\",\"@id\":\"https:\\\/\\\/scentandsoul.fi\\\/?page_id=177#breadcrumb\",\"itemListElement\":[{\"@type\":\"ListItem\",\"position\":1,\"name\":\"Etusivu\",\"item\":\"https:\\\/\\\/scentandsoul.fi\\\/\"},{\"@type\":\"ListItem\",\"position\":2,\"name\":\"Workshops\"}]},{\"@type\":\"WebSite\",\"@id\":\"https:\\\/\\\/scentandsoul.fi\\\/#website\",\"url\":\"https:\\\/\\\/scentandsoul.fi\\\/\",\"name\":\"Scent&amp;Soul 2026 \\\/ Lauantai - Saturday 21.3.2026\",\"description\":\"Tuoksutapahtuma H&ouml;gforsin ruukissa\",\"potentialAction\":[{\"@type\":\"SearchAction\",\"target\":{\"@type\":\"EntryPoint\",\"urlTemplate\":\"https:\\\/\\\/scentandsoul.fi\\\/?s={search_term_string}\"},\"query-input\":{\"@type\":\"PropertyValueSpecification\",\"valueRequired\":true,\"valueName\":\"search_term_string\"}}],\"inLanguage\":\"fi\"}]}<\/script>\n<!-- \/ Yoast SEO plugin. -->","yoast_head_json":{"title":"Workshops - Scent&amp;Soul 2026 \/ Lauantai - Saturday 21.3.2026","description":"Osallistu parfyrm\u00f6\u00f6ri Pia Longin masterclassille, MALANKA Tuoksubaariin tai tuoksumeditaatioon, Scent & Soul workshopeissa.","robots":{"index":"index","follow":"follow","max-snippet":"max-snippet:-1","max-image-preview":"max-image-preview:large","max-video-preview":"max-video-preview:-1"},"canonical":"https:\/\/scentandsoul.fi\/?page_id=177","og_locale":"fi_FI","og_type":"article","og_title":"Workshops - Scent&amp;Soul 2026 \/ Lauantai - Saturday 21.3.2026","og_description":"Osallistu parfyrm\u00f6\u00f6ri Pia Longin masterclassille, MALANKA Tuoksubaariin tai tuoksumeditaatioon, Scent & Soul workshopeissa.","og_url":"https:\/\/scentandsoul.fi\/?page_id=177","og_site_name":"Scent&amp;Soul 2026 \/ Lauantai - Saturday 21.3.2026","article_modified_time":"2026-03-19T15:17:58+00:00","og_image":[{"width":1772,"height":1772,"url":"https:\/\/scentandsoul.fi\/wp-content\/uploads\/2025\/11\/scent-and-soul_insta-09.jpg","type":"image\/jpeg"}],"twitter_card":"summary_large_image","twitter_misc":{"Arvioitu lukuaika":"3 minuuttia"},"schema":{"@context":"https:\/\/schema.org","@graph":[{"@type":"WebPage","@id":"https:\/\/scentandsoul.fi\/?page_id=177","url":"https:\/\/scentandsoul.fi\/?page_id=177","name":"Workshops - Scent&amp;Soul 2026 \/ Lauantai - Saturday 21.3.2026","isPartOf":{"@id":"https:\/\/scentandsoul.fi\/#website"},"primaryImageOfPage":{"@id":"https:\/\/scentandsoul.fi\/?page_id=177#primaryimage"},"image":{"@id":"https:\/\/scentandsoul.fi\/?page_id=177#primaryimage"},"thumbnailUrl":"https:\/\/scentandsoul.fi\/wp-content\/uploads\/2025\/11\/scent-and-soul_insta-09.jpg","datePublished":"2026-01-14T13:11:49+00:00","dateModified":"2026-03-19T15:17:58+00:00","description":"Osallistu parfyrm\u00f6\u00f6ri Pia Longin masterclassille, MALANKA Tuoksubaariin tai tuoksumeditaatioon, Scent & Soul workshopeissa.","breadcrumb":{"@id":"https:\/\/scentandsoul.fi\/?page_id=177#breadcrumb"},"inLanguage":"fi","potentialAction":[{"@type":"ReadAction","target":["https:\/\/scentandsoul.fi\/?page_id=177"]}]},{"@type":"ImageObject","inLanguage":"fi","@id":"https:\/\/scentandsoul.fi\/?page_id=177#primaryimage","url":"https:\/\/scentandsoul.fi\/wp-content\/uploads\/2025\/11\/scent-and-soul_insta-09.jpg","contentUrl":"https:\/\/scentandsoul.fi\/wp-content\/uploads\/2025\/11\/scent-and-soul_insta-09.jpg","width":1772,"height":1772},{"@type":"BreadcrumbList","@id":"https:\/\/scentandsoul.fi\/?page_id=177#breadcrumb","itemListElement":[{"@type":"ListItem","position":1,"name":"Etusivu","item":"https:\/\/scentandsoul.fi\/"},{"@type":"ListItem","position":2,"name":"Workshops"}]},{"@type":"WebSite","@id":"https:\/\/scentandsoul.fi\/#website","url":"https:\/\/scentandsoul.fi\/","name":"Scent&amp;Soul 2026 \/ Lauantai - Saturday 21.3.2026","description":"Tuoksutapahtuma H&ouml;gforsin ruukissa","potentialAction":[{"@type":"SearchAction","target":{"@type":"EntryPoint","urlTemplate":"https:\/\/scentandsoul.fi\/?s={search_term_string}"},"query-input":{"@type":"PropertyValueSpecification","valueRequired":true,"valueName":"search_term_string"}}],"inLanguage":"fi"}]}},"_links":{"self":[{"href":"https:\/\/scentandsoul.fi\/index.php?rest_route=\/wp\/v2\/pages\/177","targetHints":{"allow":["GET"]}}],"collection":[{"href":"https:\/\/scentandsoul.fi\/index.php?rest_route=\/wp\/v2\/pages"}],"about":[{"href":"https:\/\/scentandsoul.fi\/index.php?rest_route=\/wp\/v2\/types\/page"}],"author":[{"embeddable":true,"href":"https:\/\/scentandsoul.fi\/index.php?rest_route=\/wp\/v2\/users\/2"}],"replies":[{"embeddable":true,"href":"https:\/\/scentandsoul.fi\/index.php?rest_route=%2Fwp%2Fv2%2Fcomments&post=177"}],"version-history":[{"count":12,"href":"https:\/\/scentandsoul.fi\/index.php?rest_route=\/wp\/v2\/pages\/177\/revisions"}],"predecessor-version":[{"id":762,"href":"https:\/\/scentandsoul.fi\/index.php?rest_route=\/wp\/v2\/pages\/177\/revisions\/762"}],"wp:attachment":[{"href":"https:\/\/scentandsoul.fi\/index.php?rest_route=%2Fwp%2Fv2%2Fmedia&parent=177"}],"curies":[{"name":"wp","href":"https:\/\/api.w.org\/{rel}","templated":true}]}}